{"id":428,"date":"2025-07-21T23:01:08","date_gmt":"2025-07-21T23:01:08","guid":{"rendered":"https:\/\/ammaespacioholistico.com\/?post_type=product&#038;p=428"},"modified":"2026-05-07T16:41:14","modified_gmt":"2026-05-07T16:41:14","slug":"sd","status":"publish","type":"product","link":"https:\/\/ammaespacioholistico.com\/index.php\/producto\/sd\/","title":{"rendered":"Formula Floral de los ELEMENTOS"},"content":{"rendered":"<p>En cada una de nosotras habitan los 4 elementos: Tierra &#8211;\u00a0 Agua &#8211; Aire &#8211; Fuego.<\/p>\n<p>A veces, uno necesita ser equilibrado, y estas formulas han sido creadas para acompa\u00f1arte en ese proceso.<\/p>\n<p>Las Formulas Florales elementales han sido creadas como una herramienta sutil y poderosa para armonizar tu energ\u00eda a trav\u00e9s de la vibraci\u00f3n de las Flores de Bach, la alquimia de los aceites esenciales y la fuerza cristalina de los minerales.<\/p>\n<p>Cada formula esta disponible en dos presentaciones:<\/p>\n<ul>\n<li>Goteros florales &#8211; compuestos exclusivamente por flores de Bach<\/li>\n<li>Oleos alqu\u00edmicos &#8211; una fusi\u00f3n de Flores de Bach, aceites esenciales y cristales que potencian la conexi\u00f3n sensorial y energ\u00e9tica.<\/li>\n<\/ul>\n<p>\u00bf Que energ\u00eda necesitas equilibrar hoy?<\/p>\n<ul>\n<li>TIERRA: Enraizamiento y materializaci\u00f3n &#8211; Activa la estabilidad, la seguridad y la capacidad de concretar. Te ayuda a fortalecer tu conexi\u00f3n con lo tangible y a materializar tus proyectos con firmeza.<\/li>\n<li>AIRE: Claridad y Observaci\u00f3n &#8211; Disuelve la niebla mental, permitiendo que los pensamientos fluyan con liviandad. Favorece la concentraci\u00f3n, el discernimiento y la expansi\u00f3n de las ideas.<\/li>\n<li>AGUA: Calma y relajaci\u00f3n &#8211; Sostiene la suavidad emocional, promoviendo el descanso y la fluidez. Ideal para momentos de estr\u00e9s o inquietud, cuando necesitas volver a tu centro con serenidad.<\/li>\n<li>FUEGO: poder interior y amor propio &#8211; Despierta tu pasi\u00f3n, tu confianza y tu capacidad de accionar desde el amor. Perfecta para activar tu energ\u00eda vital, fortalecer el autoestima y dar pasos con determinaci\u00f3n.<\/li>\n<\/ul>\n<p>Honra tu esencia. Equilibra tu energ\u00eda. Conecta con el elemento que hoy te gu\u00eda.<\/p>\n","protected":false},"excerpt":{"rendered":"<p>Formula Floral ELEMENTAL en gotero de 30ml<\/p>\n","protected":false},"featured_media":551,"comment_status":"open","ping_status":"closed","template":"","meta":{"site-sidebar-layout":"default","site-content-layout":"","ast-site-content-layout":"default","site-content-style":"default","site-sidebar-style":"default","ast-global-header-display":"","ast-banner-title-visibility":"","ast-main-header-display":"","ast-hfb-above-header-display":"","ast-hfb-below-header-display":"","ast-hfb-mobile-header-display":"","site-post-title":"","ast-breadcrumbs-content":"","ast-featured-img":"","footer-sml-layout":"","ast-disable-related-posts":"","theme-transparent-header-meta":"default","adv-header-id-meta":"","stick-header-meta":"","header-above-stick-meta":"","header-main-stick-meta":"","header-below-stick-meta":"","astra-migrate-meta-layouts":"set","ast-page-background-enabled":"default","ast-page-background-meta":{"desktop":{"background-color":"var(--ast-global-color-4)","background-image":"","background-repeat":"repeat","background-position":"center center","background-size":"auto","background-attachment":"scroll","background-type":"","background-media":"","overlay-type":"","overlay-color":"","overlay-opacity":"","overlay-gradient":""},"tablet":{"background-color":"","background-image":"","background-repeat":"repeat","background-position":"center center","background-size":"auto","background-attachment":"scroll","background-type":"","background-media":"","overlay-type":"","overlay-color":"","overlay-opacity":"","overlay-gradient":""},"mobile":{"background-color":"","background-image":"","background-repeat":"repeat","background-position":"center center","background-size":"auto","background-attachment":"scroll","background-type":"","background-media":"","overlay-type":"","overlay-color":"","overlay-opacity":"","overlay-gradient":""}},"ast-content-background-meta":{"desktop":{"background-color":"var(--ast-global-color-5)","background-image":"","background-repeat":"repeat","background-position":"center center","background-size":"auto","background-attachment":"scroll","background-type":"","background-media":"","overlay-type":"","overlay-color":"","overlay-opacity":"","overlay-gradient":""},"tablet":{"background-color":"var(--ast-global-color-5)","background-image":"","background-repeat":"repeat","background-position":"center center","background-size":"auto","background-attachment":"scroll","background-type":"","background-media":"","overlay-type":"","overlay-color":"","overlay-opacity":"","overlay-gradient":""},"mobile":{"background-color":"var(--ast-global-color-5)","background-image":"","background-repeat":"repeat","background-position":"center center","background-size":"auto","background-attachment":"scroll","background-type":"","background-media":"","overlay-type":"","overlay-color":"","overlay-opacity":"","overlay-gradient":""}}},"product_brand":[],"product_cat":[19],"product_tag":[],"class_list":{"0":"post-428","1":"product","2":"type-product","3":"status-publish","4":"has-post-thumbnail","6":"product_cat-herramientas-gratuitas","7":"desktop-align-left","8":"tablet-align-left","9":"mobile-align-left","11":"first","12":"instock","13":"shipping-taxable","14":"purchasable","15":"product-type-simple"},"_links":{"self":[{"href":"https:\/\/ammaespacioholistico.com\/index.php\/wp-json\/wp\/v2\/product\/428","targetHints":{"allow":["GET"]}}],"collection":[{"href":"https:\/\/ammaespacioholistico.com\/index.php\/wp-json\/wp\/v2\/product"}],"about":[{"href":"https:\/\/ammaespacioholistico.com\/index.php\/wp-json\/wp\/v2\/types\/product"}],"replies":[{"embeddable":true,"href":"https:\/\/ammaespacioholistico.com\/index.php\/wp-json\/wp\/v2\/comments?post=428"}],"wp:featuredmedia":[{"embeddable":true,"href":"https:\/\/ammaespacioholistico.com\/index.php\/wp-json\/wp\/v2\/media\/551"}],"wp:attachment":[{"href":"https:\/\/ammaespacioholistico.com\/index.php\/wp-json\/wp\/v2\/media?parent=428"}],"wp:term":[{"taxonomy":"product_brand","embeddable":true,"href":"https:\/\/ammaespacioholistico.com\/index.php\/wp-json\/wp\/v2\/product_brand?post=428"},{"taxonomy":"product_cat","embeddable":true,"href":"https:\/\/ammaespacioholistico.com\/index.php\/wp-json\/wp\/v2\/product_cat?post=428"},{"taxonomy":"product_tag","embeddable":true,"href":"https:\/\/ammaespacioholistico.com\/index.php\/wp-json\/wp\/v2\/product_tag?post=428"}],"curies":[{"name":"wp","href":"https:\/\/api.w.org\/{rel}","templated":true}]}}